) + g/(-10) prime?
False
Is (-7 + -7 - -7)*(9 - 327806) a prime number?
False
Let z(w) = w**3 + 3*w**2 - 2*w - 1. Let o be (-9)/(-3)*(-1 - 0). Let g be z(o). Suppose -g*x = -23 + 8. Is x a composite number?
False
Let r(f) = f**3 - 8*f**2 + 4. Let u be r(8). Suppose 0 = -4*v + 2*j - 20, -5*v + u*j = 2 + 20. Is (-9)/v*174 + -4 a composite number?
False
Suppose 148189 = 5*u + 3*r, 2*u - 27017 - 32270 = -5*r. Suppose u = 2*g + 2*g - 4*j, 2*g - 5*j - 14830 = 0. Is g a composite number?
True
Let c(j) = 701*j**2 - 230*j + 1795. Is c(8) composite?
False
Is (118/590)/((-3)/(-988815)) composite?
False
Is -2*1/(-6) - ((-1492330)/42 - 7) a composite number?
True
Let g be (2 + -1 + 32784)*183/305. Let k = g + -7318. Is k a composite number?
True
Let u(x) = -x**3 - 65*x**2 - 711*x - 112. Is u(-149) a prime number?
True
Let m be -1 + 132 + 15 + -11. Let k = m + 1120. Is k prime?
False
Let j = -13572 + 14090. Suppose 2*w - 4*c = c + 6, 0 = -c. Suppose -3*d - 58 = -w*f + j, -f + 2*d + 190 = 0. Is f prime?
False
Is (-257626)/(-8)*(-23 + 16 - -11) a composite number?
False
Let o(b) = b**3 + 79*b**2 + 2*b + 9. Is o(-32) prime?
True
Let y(d) = 188*d - 9 - 41*d + 326*d + 1. Is y(5) a composite number?
False
Let t(s) = 1468*s - 47. Is t(81) composite?
False
Suppose d = q - 3, 5*q + 0*d - 11 = 3*d. Let v be q + (-195 - -4)*2. Let h = 746 + v. Is h a composite number?
True
Suppose w - 16 = -7*w. Suppose 4*y - w*l = -7*l + 9955, 2*y - 5*l - 5015 = 0. Is y composite?
True
Is 299872/(-8)*1/(-4) prime?
True
Suppose -112*a + 18*a = -1765508. Is a composite?
True
Suppose 0 = 2*w - 13*w. Is (w + -29)/((36/(-4))/18) prime?
False
Let b be (119/56*-4)/(2/(-1252)*1). Let v(j) = -j. Let l be v(-5). Suppose 16314 = l*a - b. Is a a prime number?
True
Let w = -8885 + 62364. Is w a prime number?
True
Suppose 0*p - p + 4*k + 5 = 0, 2*p - 34 = -4*k. Let s(i) be the first derivative of 4*i**3/3 - 11*i**2/2 - 32*i - 7. Is s(p) composite?
True
Suppose 7*s - 23 - 12 = 0. Let o be (32/(-20))/((-2)/s). Is ((-10)/o)/(-5) + (-566)/(-4) a composite number?
True
Let v(c) = 4990*c - 8202. Is v(38) a prime number?
False
Let r be (-1 + -8)*2/(-6). Suppose 4 = -r*n + 10, -3*c + 15447 = 3*n. Is c composite?
False
Is 6 - 10 - -1 - ((-3)/(-1) + -162997) a composite number?
True
Let y = 3235 + -2822. Is y a prime number?
False
Let a = -1125 - 855. Let i = a + 6307. Is i prime?
True
Let d = 6 + -11. Let q(w) be the third derivative of -135*w**4/8 + 8*w**3/3 - w**2 - 177*w. Is q(d) prime?
False
Suppose -3*v + 26450 = -7648. Suppose -i = 5*u - v, 3*u - 8 = 1. Is i composite?
False
Let u(s) = -59058*s + 769. Is u(-1) prime?
False
Suppose -9*o + 4*o + 15 = 0. Suppose -1965 = -g - o*h, 1986 = 2*g - g - 4*h. Let l = 3709 - g. Is l prime?
False
Suppose 0*o = -32*o - 65056. Let f = -630 - -104. Let i = f - o. Is i prime?
False
Let p(z) = -8762*z - 135. Is p(-4) a prime number?
True
Suppose 502*j = 491*j + 72 + 49. Is j prime?
True
Suppose 2*u - 3*t + 24 = 6, 0 = -u - 2*t - 23. Let g be 1/(0 - 5/u). Suppose 3*n - 3*m - 276 = 0, -g*n + 270 = -2*m + m. Is n composite?
False
Let n(y) = 7265*y + 183. Is n(6) prime?
False
Let z = 13089 - 8393. Suppose -q - 5*v + z = 0, 8*q - 3*v = 12*q - 18784. Suppose -30*k + q = -22*k. Is k a composite number?
False
Let h be 11 + 2 + (2 - 3). Suppose 3*a - h = -3*a. Suppose -2*s = -5*d + 265, 205 = 4*d + a*s - 7. Is d a prime number?
True
Let q be -7*(-1 - 6660/28 - 2). Let t = 3323 - q. Is t prime?
True
Is (-2 - 1) + ((-336)/14 - -91648) a composite number?
False
Suppose 2667650 = 78*u - 68*u. Is u prime?
False
Suppose -908*d = -907*d + 2*q - 2098647, -2*d = 3*q - 4197295. Is d composite?
True
Suppose -4*z + 2*z + 5*i + 18136 = 0, -5*z - 5*i + 45340 = 0. Let y be z/14 - 4/(-14). Let f = 1101 - y. Is f prime?
False
Let n = 15122 - 26023. Let x = -7705 - n. Suppose 4*y = 8*y - x. Is y a composite number?
True
Let g = 620887 + -436574. Is g a composite number?
True
Suppose 0 = -61*i + 58*i - p + 224312, -4*p = i - 74767. Is i a prime number?
True
Let c be (-58002)/(-6) - (0 - 3). Is c/(-15)*(11/(-2) + 4) composite?
False
Let i(f) = -4483*f**3 + 6*f**2 - 20*f + 13. Let v(y) = -2989*y**3 + 4*y**2 - 13*y + 9. Let m(b) = 5*i(b) - 8*v(b). Is m(2) a prime number?
True
Let i(x) be the second derivative of 25*x**3/6 + 6*x**2 - 21*x. Let a be i(5). Let c = 8 + a. Is c composite?
True
Let a be (-32255)/(-1) - (2 - -5). Suppose 5*z = s + z - 8071, 4*z = 4*s - a. Is s prime?
True
Let x(h) be the first derivative of -135*h**2/2 - 26*h - 33. Is x(-7) a composite number?
False
Let x(w) = 1 + w + w**2 + 1 + 8*w + 3. Suppose 6*i = 7*i + 4*z - 16, -4*i = z - 49. Is x(i) composite?
False
Let m(p) = 11179*p + 6. Let h = -127 + 128. Is m(h) a prime number?
False
Let c = 3055 + -1531. Let z = c - -107. Is z composite?
True
Let m = 164 - 161. Is m + (-9311)/(-3) - (-8)/24 prime?
False
Let i be (-63)/(3/(-15) - 0). Let t = i - -376. Is t prime?
True
Is (20/(-30))/(16/(-772392)) composite?
False
Suppose -3*p - 15 = 0, 5*o - p + 15558 + 4192 = 0. Let n be o/6 - -5 - 2/4. Let j = 1269 - n. Is j a composite number?
True
Let d(s) = -705*s + 29. Let k(r) = -1058*r + 44. Let f(q) = -7*d(q) + 5*k(q). Is f(-4) a prime number?
False
Let w = 266 - 275. Let a(z) = -29*z - 38. Is a(w) a prime number?
True
Suppose -2*v - 46 = -62. Let g be (v/(-10))/(14/(-70)). Suppose 2*t = 3*i - 10037, -g = 3*t - 2*t. Is i a prime number?
True
Let z(f) = 36*f - 19. Let r(j) = j + 1. Let p(l) = 7*l + 7. Let g(o) = -p(o) + 6*r(o). Let u(m) = -2*g(m) + z(m). Is u(8) composite?
True
Let b(z) = -40342*z + 551. Is b(-5) prime?
False
Let d = 357578 + 430223. Is d a prime number?
False
Let i(j) = 23*j - 1506 - 2*j**3 - 4*j + 771 + 754 + 4*j**2. Let p = -18 - -10. Is i(p) prime?
False
Let d(t) = -995*t**3 - 2*t**2 - 9*t - 12. Let v be d(-2). Suppose v = 2*c - 2*a - 2170, -5*c + a = -25340. Is c a prime number?
False
Let s(z) = -14268*z - 5999. Is s(-20) a composite number?
True
Suppose -8*f = -14*f - 11166. Let t = 2720 + f. Is t prime?
True
Let t = 44 + -34. Suppose t*i = 12 + 18. Suppose -4001 = 3*m - 6*m - 5*g, -3*m + 4005 = i*g. Is m a composite number?
True
Suppose 0 = 30*c - 85 + 25. Suppose -c*r = -164 - 3478. Is r prime?
False
Let r(q) = 7*q + 40037. Let a be r(0). Let u = 60378 - a. Is u a prime number?
True
Suppose -2*k = 2*k - 4*p - 4092, 5*p = -2*k + 2032. Suppose 18*d + 428 + 2740 = 2*d. Let x = k - d. Is x prime?
False
Let q be 48/20 + (-2)/5. Suppose 4*j - 845 = 2*j - 5*m, -q*j + 3*m + 821 = 0. Suppose j = 8*x - 3*x. Is x prime?
True
Let c be (-125)/(-6) + 2/12. Suppose -14*p = -7*p - c. Is p*((-3)/5 - 34736/(-60)) prime?
False
Let k = -47413 + 126906. Is k prime?
True
Suppose 8*o - 55 = 3*o. Let x(v) = 38*v - 45*v - 15 + 113*v. Is x(o) prime?
True
Let v(h) = -9079*h - 165. Is v(-4) composite?
False
Let m(u) = 67*u + 26. Suppose 0 = 3*f + 4*k - 1 + 2, 0 = -f - 5*k - 15. Suppose -3*a = 3*h - 24, 0 = f*a - 5*h + 5 - 55. Is m(a) prime?
False
Is 2481014/119 + 1/7 a composite number?
False
Let b(n) = -42*n - 1333. Is b(-92) prime?
True
Let j be 22/(-18) + 9/(486/12). Is (23/69)/(((-3)/11331)/j) a prime number?
True
Let d(a) be the third derivative of 13/20*a**5 + 0*a - 7/6*a**3 + 1/12*a**4 + 8*a**2 + 0. Is d(-6) a composite number?
True
Let g = 361 - 1555. Let u = 690 + g. Let f = -97 - u. Is f a prime number?
False
Suppose 151 + 230 = i + 5*l, -l - 1482 = -4*i. Is i a composite number?
True
Let l = -230 + 251. Let w(p) = 4*p**2 - 12*p - 13. Is w(l) a prime number?
True
Is 58/(-15)*-2137 - 177/2655 prime?
True
Let w be (-4 - 52676)/(-3) - (4 + -2). Suppose 22*z - 20*z - w = 0. Is z a composite number?
False
Let x(l) = 12381*l**2 + 10*l - 3. Let w(y) = -12382*y**2 - 11*y + 2. Let j(q) = 3*w(q) + 4*x(q). Is j(1) composite?
False
Let p(m) = 227*m**2 - 356*m + 1768. Is p(5) a composite number?
True
Let x = 44211 - 24538. Is x a composite number?
True
Suppose 43037 = 2*j - 2*y - 4473, 3*j = -y + 71289. Is j composite?
False
Let s = 78 - 62. Suppose -10*r - 4206 = -s*r. Is r prime?
True
Let z(g) = 3*g**3 - 5*g + 3. Let x be z(2). Suppose -8*r + x = -2*t - 3*r, -r = -5. Suppose 2*b + 5*d - 782 = 0, -493 = -t*b + 4*d + 1071. Is b a prime number?
False
Suppose -2*d + l = -703, -4*l + 1425 - 49 = 4*d. Suppose -2*q + d + 569 = 0. Suppose 0 =